 j(n).
18
Let q(r) = -3*r**2 - 83*r - 505. Let j(m) = m**2 + 29*m + 168. Let d(n) = -7*j(n) - 2*q(n). What is d(-32)?
-6
Let a(o) = 29*o**2 - o + 3. Suppose -5*g - 49 = -y - 32, -6 = 2*g. What is a(y)?
117
Let c(f) be the second derivative of -3*f**2 - 1/2*f**4 - 5/6*f**3 - 1/20*f**5 - 83*f + 0. Give c(-6).
24
Let b(v) = 12383*v**2 + 23 - 12376*v**2 + 0*v**3 - v**3 - v. Calculate b(7).
16
Let z(i) = i - 41. Let w(s) = -3*s + 112. Let j(a) = 6*w(a) + 17*z(a). Determine j(-21).
-4
Let r(x) be the first derivative of x**3/3 + 7*x**2/2 - 47*x + 7108. Calculate r(8).
73
Let z = 323 - 319. Let u be ((-192)/15)/z - 3/(-15). Let x(g) = -g**3 - 2*g**2 + 3*g - 1. What is x(u)?
-1
Let k(v) = -6*v + 6. Let o(r) = -5*r. Let j(b) = -k(b) + o(b). Give j(17).
11
Let m = -4177 - -4185. Let u(v) = -v**3 + 2*v**2 + 47*v - 2. Determine u(m).
-10
Let l(z) = -109 - 93 - z**2 - z**2 + 198 - z**3. Let q(y) = -3*y**3 + y**2 - 2*y + 1. Let c be q(1). Give l(c).
5
Let v = 533 - 529. Let h(a) be the third derivative of a**6/120 - a**5/12 + a**4/6 + a**3/6 + 24*a**2. Determine h(v).
1
Let y(i) = -19*i + 3. Let m(b) = b + 1. Let x be m(0). Let d be y(x). Let s be (-10)/(-15) + 0 + d/6. Let p(w) = 5*w + 1. Give p(s).
-9
Let j be (6 + -4)*25/10. Let v(c) = 1 + 7*c + 5 - 4*c - j*c. Determine v(5).
-4
Let v(z) = 4*z + 97. Suppose -4*r + 5*w - 78 = 0, -4*r - 50*w - 82 = -53*w. Give v(r).
9
Let b(m) = -6 - m + 6 + 13 + 5. Let h be b(13). Suppose -3*j + h - 2 = 0. Let p(o) = 5*o**3 + 2*o**2 - 1. Determine p(j).
6
Let d be (22/(88/(-3)))/((-3)/12). Let p = -1 + 1. Let a(i) = i**d + p*i**3 + 442 - 7*i**2 - 7*i - 447. Calculate a(8).
3
Let n(c) be the second derivative of c**7/840 - c**6/60 - c**5/40 + c**4/12 - 181*c**3/6 - 215*c. Let r(o) be the second derivative of n(o). Calculate r(6).
-16
Let d(q) = -6*q**2 - 33*q - 13. Let v be d(-5). Suppose -2 = 3*u - 5*u - v*y, -5*u - 19 = -y. Let p(r) = 2*r**3 + r**2 - 2*r - 2. Give p(u).
-41
Suppose -5*x - 8 = -k - 0, 5*x = -3*k + 4. Let y(o) = -5 + 0*o**2 - o**2 - 1 + 3 + k*o. Calculate y(3).
-3
Let y(i) = -i**3 + 3*i**2 + i + 17. Let t be y(4). Suppose 113 = t*c + 88. Let u(g) = -4 + 16 - 11 - g. Give u(c).
-4
Suppose 256 = 2*x + s, 0 = -5*s + s. Let m(r) = -59 + x + 3*r - 63. What is m(-4)?
-6
Let a(w) be the second derivative of -1/3*w**3 - 1/2*w**2 + 7/6*w**4 - 1 - 5*w. What is a(-1)?
15
Suppose 2*g + 10 = -4*q - 74, -2*g + 2*q - 78 = 0. Let j = g - -41. Let x(r) = 2*r**2 + 2*r - 3*r - 4*r + j + 4*r. Calculate x(2).
7
Let u(v) = 4*v - 3 + 0*v + 8*v**2 + v**3 - 5. Let h(w) = -7*w + 70. Let n be h(7). Suppose -31*x - 70 = -n*x. Calculate u(x).
13
Let s(i) be the first derivative of -13*i - 1/2*i**2 - 110. Let c be ((-12)/(-9))/(1/(-6)). Calculate s(c).
-5
Let x(z) = z**2. Let i(b) = 3*b**2 + b + 3. Let p(w) = -i(w) + 4*x(w). Let d(l) = 6 - 34*l - 7*l**2 - 3*l**2 + 6*l. Let u be d(-3). Give p(u).
-3
Let o be ((-48)/1)/((-1)/2). Let l(t) = 99 + 9*t - 193 + o. Calculate l(-3).
-25
Let h = -3 - -16. Let c = -7 + h. Let z(m) = -c + 3 + m - 7 + 14. Determine z(3).
7
Let c = -12 - -13. Let p = 5 - c. Suppose p*j - 9*j - 30 = 0. Let k(v) = v**2 + 5*v + 7. Give k(j).
13
Let v(k) be the third derivative of k**5/30 - 13*k**4/6 + k**3/2 + 2592*k**2. What is v(26)?
3
Let g = -74 + 74. Let w(x) = -3 + 13*x - 12*x + g*x**2 + 2*x**3 + x**2 - x**3. Let c be w(1). Let q(u) = -u**3 - 8. Determine q(c).
-8
Let p(f) = -f**3 + 5*f**2 + 407*f - 1240. Let n be p(3). Suppose 2*r + 18 = 5*r. Let h(b) = -b. Let i(d) = -d - 1. Let k(a) = r*h(a) + i(a). Calculate k(n).
6
Let x be (18/(-8) - -2)/(1/(-24)). Let m(s) = s**3 - 7*s**2 + 10*s + 6. What is m(x)?
30
Let x = 555 + -534. Suppose -56*z = -x*z + 35. Let w(o) = -6*o**2 - 4*o - 2. Calculate w(z).
-4
Let i = -351 - -358. Let j(h) = -5*h**2 - h**3 + 260 - 261 + 3*h + i*h**2. Determine j(3).
-1
Let g(f) = -58*f + 64. Let b(i) = 4*i - 5. Let d(p) = -92*b(p) - 6*g(p). Calculate d(3).
16
Let g(v) = 13*v**3 + 8*v**2 - 50*v + 30. Let n(w) = -22*w**3 - 13*w**2 + 84*w - 50. Let j(f) = 17*g(f) + 10*n(f). What is j(-7)?
31
Let u be 3/((-45)/6) - (-120)/(-75). Let p be u - 15/(-5)*-3. Let g(t) = -t**3 - 12*t**2 - 9*t + 14. Calculate g(p).
-8
Let s(j) = -j**3 + 8*j**2 + j - 4. Let d(h) = h**3 + 7*h**2 - 11*h - 35. Let n be d(-7). Suppose -34*g = -n*g + 64. Calculate s(g).
4
Let l(h) = -5 - 1049*h**3 - 3*h**2 + 9*h**2 + 1048*h**3 + 33*h + 2*h**2. Give l(11).
-5
Let s(q) = q**3 - 21*q**2 - 21*q + 6. Suppose 616 = 61*t - 31*t - 2*t. What is s(t)?
28
Let s(g) = -4*g - 69. Let j be s(-19). Let n(a) = 2*a**3 - j*a**3 + 270*a**2 - 1 - 269*a**2. Determine n(-1).
5
Let w(a) be the first derivative of -a**5/20 - a**4/2 + a**3/3 + a**2/2 - 62*a + 47. Let n(z) be the first derivative of w(z). Give n(-4).
-39
Suppose 4*c - 4*t + 40 = 0, -10*c + 12*c = -5*t - 69. Let y(l) = -8*l - 130. Calculate y(c).
6
Let l(p) = 9*p**3 + 17*p**2 + 9. Let q(b) = 25*b**3 + 49*b**2 + 2*b + 27. Let r(m) = 11*l(m) - 4*q(m). Give r(-8).
-9
Let f(a) = -a**3 - 4*a**2 + a. Let r = -40 - -50. Suppose -4*o + r = 5*v, -4*v - 2*o + 4 - 2 = 0. Determine f(v).
-10
Let c be (-1*(-7)/21)/((-2)/(-300)). Let u = -51 + c. Let l(z) = -17*z - 1. Give l(u).
16
Let p(s) = 6*s - 46. Let y be ((-5)/(-2))/(510/(-1836)) - -18. Give p(y).
8
Let c(h) be the first derivative of -1/2*h**2 - 1/3*h**3 - 9*h - 19. Let j be (-1 - -1)/((-4)/(-2)). Give c(j).
-9
Let d(q) = -4*q**2 + 3*q**2 + 49 + 1 - 49. Suppose -2*l - z = z - 4, 3*l - 5*z - 38 = 0. Give d(l).
-35
Let y(v) be the third derivative of -v**4/24 - 5*v**3/6 - v**2. Let i = 344 + -344. Suppose -15*h + 111 + 9 = i. Give y(h).
-13
Let m = 57 - 52. Let j(q) = -1 + 2 - 6 + 6*q. Calculate j(m).
25
Suppose -4*k = -v + k + 92, 4*k = -2*v + 128. Let j(f) = 15*f + 105. Let l be j(3). Let t(p) = -v*p + l*p + 2 - 71*p. Calculate t(-2).
-12
Let t(w) = -160*w**3 + 163*w**3 - 534 + 6*w + 2*w**2 + 540. Determine t(-2).
-22
Suppose 4*r + 0*w = w - 162, -2*w = -2*r - 84. Let x = r - -43. Suppose x*d = -61 + 31. Let n(m) = m**3 + 9*m**2 - 13*m - 8. Give n(d).
22
Let d(i) = -i**3 - 4*i**2 - 6*i. Let u be -4 - (4/(-8) - -2)*2. Let l = u - 0. Let o(j) = -3*j**3 - 12*j**2 - 19*j. Let t(h) = l*d(h) + 2*o(h). Calculate t(-3).
-3
Let h be (-75)/(-125) - 23/5 - 0/1. Let t(o) = 19*o + 16. What is t(h)?
-60
Let r(l) = -l**3 - 6*l**2 - 3*l. Let j(m) = m**3 - 7*m**2 - 6*m + 44. Let i be j(7). Suppose 0 = 4*c - 2*o + 10, -c - 4*o - 15 = -i*o. Give r(c).
-10
Let c(b) be the second derivative of -5*b**3/3 - 53*b**2/2 - 3*b - 1. What is c(-5)?
-3
Let u(c) = 2*c - 30. Let t(q) = 3*q - 58. Let o(d) = -3*t(d) + 5*u(d). Let m(b) = b + 21. Let l(j) = -7*m(j) + 6*o(j). Give l(5).
-8
Let m(g) = g**2 - 6 - 17*g + 122 - 66 - 67. Give m(-1).
1
Let x(s) = 2*s**2 + 33*s - 226. Let j be x(5). Let r(i) be the second derivative of -i**5/20 - i**4 - 11*i**3/6 + 15*i**2/2 + i. Calculate r(j).
15
Suppose 5*s - 25 = -0*s. Suppose s*n = 19 - 9. Let d(u) = 20*u**n + 6*u - 36*u**2 + 3 + 17*u**2. Calculate d(-4).
-5
Let w = 8299 - 8302. Let o(a) = -4*a + 20. What is o(w)?
32
Let i(x) = -x**3 - 3*x**2 - 2. Let b = 7 + -10. Let t be i(b). Let m(y) be the first derivative of -y**3/3 + y**2/2 - 2*y - 23924. Calculate m(t).
-8
Let q(t) = -t**3 + 93*t**2 - 27*t - 12. Let w(f) = -15*f**2 + 1. Let s(v) = q(v) + 7*w(v). What is s(-9)?
-5
Suppose 4*v - b = -12 - 4, -2*b = v + 13. Let o(k) be the third derivative of k**6/120 + k**5/15 - k**4/6 - k**3/6 - 4*k**2 + 2104. Give o(v).
-6
Let h(t) be the third derivative of -t**4/12 + 17*t**3/2 + 2*t**2. Let r be h(24). Let b(w) = -2*w**2 - r + 2*w + 2*w**3 - 8*w**2 + 9*w**2. What is b(2)?
13
Let g(a) = -a**2 + 9*a + 22. Let u be (13 + -9)/12 - (2 - 152/12). Determine g(u).
0
Suppose 0 = 5*f - 23 - 7. Suppose -f*i = -i + 10. Let m(o) be the second derivative of o**5/10 + o**4/3 + 2*o**3/3 + o**2 - 4*o. Give m(i).
-6
Suppose 123 = 21*j + 20*j. Let d(t) = -21*t**2 + t - 2. Let k(g) = 16*g**2 + 1. Let q(h) = j*d(h) + 4*k(h). Calculate q(-8).
38
Let f be (-5)/(-70) + 87/(-42). Let b(g) = 14*g**2 + 6*g + 4. What is b(f)?
48
Let x(p) = 7*p**3 + 128*p**2 + 36*p - 1. Let f be x(-18). Let c(q) = 1 - 9*q - 1. Give c(f).
9
Let w = -640 + 670. Let g be 124/w + 11/((-990)/12). Let c(r) = 9*r**2 - 17*r + 8. Let z(n) = -5*n**2 + 9*n - 4. Let t(m) = -3*c(m) - 5*z